{"id":180,"date":"2022-03-21T14:00:31","date_gmt":"2022-03-21T13:00:31","guid":{"rendered":"https:\/\/esamed.fr\/?page_id=180"},"modified":"2022-04-07T12:36:34","modified_gmt":"2022-04-07T10:36:34","slug":"notre-experience","status":"publish","type":"page","link":"https:\/\/esamed.fr\/index.php\/notre-experience\/","title":{"rendered":"Notre exp\u00e9rience"},"content":{"rendered":"\t\t<div data-elementor-type=\"wp-page\" data-elementor-id=\"180\" class=\"elementor elementor-180\">\n\t\t\t\t\t\t<section class=\"elementor-section elementor-top-section elementor-element elementor-element-a4d765c elementor-section-full_width elementor-section-height-min-height elementor-section-height-default elementor-section-items-middle elementor-invisible\" data-id=\"a4d765c\" data-element_type=\"section\" data-e-type=\"section\" data-settings=\"{&quot;animation&quot;:&quot;fadeIn&quot;,&quot;background_background&quot;:&quot;gradient&quot;}\">\n\t\t\t\t\t\t<div class=\"elementor-container elementor-column-gap-wide\">\n\t\t\t\t\t<div class=\"elementor-column elementor-col-100 elementor-top-column elementor-element elementor-element-cd3b6e2\" data-id=\"cd3b6e2\" data-element_type=\"column\" data-e-type=\"column\">\n\t\t\t<div class=\"elementor-widget-wrap elementor-element-populated\">\n\t\t\t\t\t\t<section class=\"elementor-section elementor-inner-section elementor-element elementor-element-2a36708 elementor-section-boxed elementor-section-height-default elementor-section-height-default\" data-id=\"2a36708\" data-element_type=\"section\" data-e-type=\"section\">\n\t\t\t\t\t\t<div class=\"elementor-container elementor-column-gap-default\">\n\t\t\t\t\t<div class=\"elementor-column elementor-col-50 elementor-inner-column elementor-element elementor-element-d7ef4e6\" data-id=\"d7ef4e6\" data-element_type=\"column\" data-e-type=\"column\">\n\t\t\t<div class=\"elementor-widget-wrap elementor-element-populated\">\n\t\t\t\t\t\t<div class=\"elementor-element elementor-element-e98d5b3 elementor-widget elementor-widget-image\" data-id=\"e98d5b3\" data-element_type=\"widget\" data-e-type=\"widget\" data-widget_type=\"image.default\">\n\t\t\t\t<div class=\"elementor-widget-container\">\n\t\t\t\t\t\t\t\t\t\t\t\t\t\t\t<img fetchpriority=\"high\" decoding=\"async\" width=\"537\" height=\"537\" src=\"https:\/\/i0.wp.com\/esamed.fr\/wp-content\/uploads\/2022\/03\/Delphallard.jpg?fit=537%2C537&amp;ssl=1\" class=\"attachment-large size-large wp-image-280\" alt=\"\" srcset=\"https:\/\/i0.wp.com\/esamed.fr\/wp-content\/uploads\/2022\/03\/Delphallard.jpg?w=537&amp;ssl=1 537w, https:\/\/i0.wp.com\/esamed.fr\/wp-content\/uploads\/2022\/03\/Delphallard.jpg?resize=300%2C300&amp;ssl=1 300w, https:\/\/i0.wp.com\/esamed.fr\/wp-content\/uploads\/2022\/03\/Delphallard.jpg?resize=150%2C150&amp;ssl=1 150w, https:\/\/i0.wp.com\/esamed.fr\/wp-content\/uploads\/2022\/03\/Delphallard.jpg?resize=370%2C370&amp;ssl=1 370w, https:\/\/i0.wp.com\/esamed.fr\/wp-content\/uploads\/2022\/03\/Delphallard.jpg?resize=60%2C60&amp;ssl=1 60w\" sizes=\"(max-width: 537px) 100vw, 537px\" \/>\t\t\t\t\t\t\t\t\t\t\t\t\t\t\t<\/div>\n\t\t\t\t<\/div>\n\t\t\t\t<div class=\"elementor-element elementor-element-8f10502 elementor-widget elementor-widget-text-editor\" data-id=\"8f10502\" data-element_type=\"widget\" data-e-type=\"widget\" data-widget_type=\"text-editor.default\">\n\t\t\t\t<div class=\"elementor-widget-container\">\n\t\t\t\t\t\t\t\t\t<p>Delphine Allard<\/p>\n<p>Pr\u00e9sident ESAMED<\/p>\t\t\t\t\t\t\t\t<\/div>\n\t\t\t\t<\/div>\n\t\t\t\t\t<\/div>\n\t\t<\/div>\n\t\t\t\t<div class=\"elementor-column elementor-col-50 elementor-inner-column elementor-element elementor-element-90d0cad\" data-id=\"90d0cad\" data-element_type=\"column\" data-e-type=\"column\">\n\t\t\t<div class=\"elementor-widget-wrap elementor-element-populated\">\n\t\t\t\t\t\t<div class=\"elementor-element elementor-element-632bc89 elementor-widget elementor-widget-text-editor\" data-id=\"632bc89\" data-element_type=\"widget\" data-e-type=\"widget\" data-widget_type=\"text-editor.default\">\n\t\t\t\t<div class=\"elementor-widget-container\">\n\t\t\t\t\t\t\t\t\t<p><b>18 <\/b><b>ans<\/b> <b>d\u2019exp\u00e9rience<\/b> <b>op\u00e9rationnelle <\/b>pass\u00e9es,<\/p><p>dans le domaine des industries de la sant\u00e9,<\/p><p>dans des <b>TPE \/ PME et ETI <\/b>,<\/p><p>D\u2019ing\u00e9nieur qualit\u00e9 \u00e0 Directeur G\u00e9n\u00e9ral,<\/p><p>dans les domaines, r\u00e9glementaires, qualit\u00e9 et techniques,<\/p><p>pour des industries du DM et laboratoires pharmaceutiques<\/p><p>me permettent d\u2019apporter aujourd\u2019hui et demain de la <b>valeur<\/b> \u00e0 vos projets<\/p><p>aussi bien en <b>diagnostic<\/b> <b>et<\/b> <b>strat\u00e9gie<\/b><b> qu\u2019en r\u00e9alisation<\/b><\/p>\t\t\t\t\t\t\t\t<\/div>\n\t\t\t\t<\/div>\n\t\t\t\t\t<\/div>\n\t\t<\/div>\n\t\t\t\t\t<\/div>\n\t\t<\/section>\n\t\t\t\t\t<\/div>\n\t\t<\/div>\n\t\t\t\t\t<\/div>\n\t\t<\/section>\n\t\t\t\t<\/div>\n\t\t","protected":false},"excerpt":{"rendered":"<p>Delphine Allard Pr\u00e9sident ESAMED 18 ans d\u2019exp\u00e9rience op\u00e9rationnelle pass\u00e9es, dans le domaine des industries de la sant\u00e9, dans des TPE \/ PME et ETI , D\u2019ing\u00e9nieur qualit\u00e9 \u00e0 Directeur G\u00e9n\u00e9ral, dans les domaines, r\u00e9glementaires, qualit\u00e9 et techniques, pour des industries du DM et laboratoires pharmaceutiques me permettent d\u2019apporter aujourd\u2019hui et demain de la valeur \u00e0 [&hellip;]<\/p>\n","protected":false},"author":3,"featured_media":0,"parent":0,"menu_order":0,"comment_status":"closed","ping_status":"closed","template":"","meta":{"spay_email":"","footnotes":""},"class_list":["post-180","page","type-page","status-publish","hentry"],"yoast_head":"<!-- This site is optimized with the Yoast SEO plugin v18.3 - https:\/\/yoast.com\/wordpress\/plugins\/seo\/ -->\n<title>Notre exp\u00e9rience -<\/title>\n<meta name=\"robots\" content=\"noindex, follow, max-snippet:-1, max-image-preview:large, max-video-preview:-1\" \/>\n<meta property=\"og:locale\" content=\"fr_FR\" \/>\n<meta property=\"og:type\" content=\"article\" \/>\n<meta property=\"og:title\" content=\"Notre exp\u00e9rience -\" \/>\n<meta property=\"og:description\" content=\"Delphine Allard Pr\u00e9sident ESAMED 18 ans d\u2019exp\u00e9rience op\u00e9rationnelle pass\u00e9es, dans le domaine des industries de la sant\u00e9, dans des TPE \/ PME et ETI , D\u2019ing\u00e9nieur qualit\u00e9 \u00e0 Directeur G\u00e9n\u00e9ral, dans les domaines, r\u00e9glementaires, qualit\u00e9 et techniques, pour des industries du DM et laboratoires pharmaceutiques me permettent d\u2019apporter aujourd\u2019hui et demain de la valeur \u00e0 [&hellip;]\" \/>\n<meta property=\"og:url\" content=\"https:\/\/esamed.fr\/index.php\/notre-experience\/\" \/>\n<meta property=\"article:modified_time\" content=\"2022-04-07T10:36:34+00:00\" \/>\n<meta property=\"og:image\" content=\"https:\/\/esamed.fr\/wp-content\/uploads\/2022\/03\/Delphallard.jpg\" \/>\n<meta name=\"twitter:card\" content=\"summary_large_image\" \/>\n<meta name=\"twitter:label1\" content=\"Dur\u00e9e de lecture estim\u00e9e\" \/>\n\t<meta name=\"twitter:data1\" content=\"1 minute\" \/>\n<script type=\"application\/ld+json\" class=\"yoast-schema-graph\">{\"@context\":\"https:\/\/schema.org\",\"@graph\":[{\"@type\":\"WebSite\",\"@id\":\"https:\/\/esamed.fr\/#website\",\"url\":\"https:\/\/esamed.fr\/\",\"name\":\"\",\"description\":\"\",\"potentialAction\":[{\"@type\":\"SearchAction\",\"target\":{\"@type\":\"EntryPoint\",\"urlTemplate\":\"https:\/\/esamed.fr\/?s={search_term_string}\"},\"query-input\":\"required name=search_term_string\"}],\"inLanguage\":\"fr-FR\"},{\"@type\":\"ImageObject\",\"@id\":\"https:\/\/esamed.fr\/index.php\/notre-experience\/#primaryimage\",\"inLanguage\":\"fr-FR\",\"url\":\"https:\/\/i0.wp.com\/esamed.fr\/wp-content\/uploads\/2022\/03\/Delphallard.jpg?fit=537%2C537&ssl=1\",\"contentUrl\":\"https:\/\/i0.wp.com\/esamed.fr\/wp-content\/uploads\/2022\/03\/Delphallard.jpg?fit=537%2C537&ssl=1\",\"width\":537,\"height\":537},{\"@type\":\"WebPage\",\"@id\":\"https:\/\/esamed.fr\/index.php\/notre-experience\/#webpage\",\"url\":\"https:\/\/esamed.fr\/index.php\/notre-experience\/\",\"name\":\"Notre exp\u00e9rience -\",\"isPartOf\":{\"@id\":\"https:\/\/esamed.fr\/#website\"},\"primaryImageOfPage\":{\"@id\":\"https:\/\/esamed.fr\/index.php\/notre-experience\/#primaryimage\"},\"datePublished\":\"2022-03-21T13:00:31+00:00\",\"dateModified\":\"2022-04-07T10:36:34+00:00\",\"breadcrumb\":{\"@id\":\"https:\/\/esamed.fr\/index.php\/notre-experience\/#breadcrumb\"},\"inLanguage\":\"fr-FR\",\"potentialAction\":[{\"@type\":\"ReadAction\",\"target\":[\"https:\/\/esamed.fr\/index.php\/notre-experience\/\"]}]},{\"@type\":\"BreadcrumbList\",\"@id\":\"https:\/\/esamed.fr\/index.php\/notre-experience\/#breadcrumb\",\"itemListElement\":[{\"@type\":\"ListItem\",\"position\":1,\"name\":\"Accueil\",\"item\":\"https:\/\/esamed.fr\/\"},{\"@type\":\"ListItem\",\"position\":2,\"name\":\"Notre exp\u00e9rience\"}]}]}<\/script>\n<!-- \/ Yoast SEO plugin. -->","yoast_head_json":{"title":"Notre exp\u00e9rience -","robots":{"index":"noindex","follow":"follow","max-snippet":"max-snippet:-1","max-image-preview":"max-image-preview:large","max-video-preview":"max-video-preview:-1"},"og_locale":"fr_FR","og_type":"article","og_title":"Notre exp\u00e9rience -","og_description":"Delphine Allard Pr\u00e9sident ESAMED 18 ans d\u2019exp\u00e9rience op\u00e9rationnelle pass\u00e9es, dans le domaine des industries de la sant\u00e9, dans des TPE \/ PME et ETI , D\u2019ing\u00e9nieur qualit\u00e9 \u00e0 Directeur G\u00e9n\u00e9ral, dans les domaines, r\u00e9glementaires, qualit\u00e9 et techniques, pour des industries du DM et laboratoires pharmaceutiques me permettent d\u2019apporter aujourd\u2019hui et demain de la valeur \u00e0 [&hellip;]","og_url":"https:\/\/esamed.fr\/index.php\/notre-experience\/","article_modified_time":"2022-04-07T10:36:34+00:00","og_image":[{"url":"https:\/\/esamed.fr\/wp-content\/uploads\/2022\/03\/Delphallard.jpg"}],"twitter_card":"summary_large_image","twitter_misc":{"Dur\u00e9e de lecture estim\u00e9e":"1 minute"},"schema":{"@context":"https:\/\/schema.org","@graph":[{"@type":"WebSite","@id":"https:\/\/esamed.fr\/#website","url":"https:\/\/esamed.fr\/","name":"","description":"","potentialAction":[{"@type":"SearchAction","target":{"@type":"EntryPoint","urlTemplate":"https:\/\/esamed.fr\/?s={search_term_string}"},"query-input":"required name=search_term_string"}],"inLanguage":"fr-FR"},{"@type":"ImageObject","@id":"https:\/\/esamed.fr\/index.php\/notre-experience\/#primaryimage","inLanguage":"fr-FR","url":"https:\/\/i0.wp.com\/esamed.fr\/wp-content\/uploads\/2022\/03\/Delphallard.jpg?fit=537%2C537&ssl=1","contentUrl":"https:\/\/i0.wp.com\/esamed.fr\/wp-content\/uploads\/2022\/03\/Delphallard.jpg?fit=537%2C537&ssl=1","width":537,"height":537},{"@type":"WebPage","@id":"https:\/\/esamed.fr\/index.php\/notre-experience\/#webpage","url":"https:\/\/esamed.fr\/index.php\/notre-experience\/","name":"Notre exp\u00e9rience -","isPartOf":{"@id":"https:\/\/esamed.fr\/#website"},"primaryImageOfPage":{"@id":"https:\/\/esamed.fr\/index.php\/notre-experience\/#primaryimage"},"datePublished":"2022-03-21T13:00:31+00:00","dateModified":"2022-04-07T10:36:34+00:00","breadcrumb":{"@id":"https:\/\/esamed.fr\/index.php\/notre-experience\/#breadcrumb"},"inLanguage":"fr-FR","potentialAction":[{"@type":"ReadAction","target":["https:\/\/esamed.fr\/index.php\/notre-experience\/"]}]},{"@type":"BreadcrumbList","@id":"https:\/\/esamed.fr\/index.php\/notre-experience\/#breadcrumb","itemListElement":[{"@type":"ListItem","position":1,"name":"Accueil","item":"https:\/\/esamed.fr\/"},{"@type":"ListItem","position":2,"name":"Notre exp\u00e9rience"}]}]}},"_links":{"self":[{"href":"https:\/\/esamed.fr\/index.php\/wp-json\/wp\/v2\/pages\/180","targetHints":{"allow":["GET"]}}],"collection":[{"href":"https:\/\/esamed.fr\/index.php\/wp-json\/wp\/v2\/pages"}],"about":[{"href":"https:\/\/esamed.fr\/index.php\/wp-json\/wp\/v2\/types\/page"}],"author":[{"embeddable":true,"href":"https:\/\/esamed.fr\/index.php\/wp-json\/wp\/v2\/users\/3"}],"replies":[{"embeddable":true,"href":"https:\/\/esamed.fr\/index.php\/wp-json\/wp\/v2\/comments?post=180"}],"version-history":[{"count":34,"href":"https:\/\/esamed.fr\/index.php\/wp-json\/wp\/v2\/pages\/180\/revisions"}],"predecessor-version":[{"id":478,"href":"https:\/\/esamed.fr\/index.php\/wp-json\/wp\/v2\/pages\/180\/revisions\/478"}],"wp:attachment":[{"href":"https:\/\/esamed.fr\/index.php\/wp-json\/wp\/v2\/media?parent=180"}],"curies":[{"name":"wp","href":"https:\/\/api.w.org\/{rel}","templated":true}]}}